 is divided by 1402899?
20
Calculate the remainder when 15383436 is divided by 17246.
4
Calculate the remainder when 462991 is divided by 153935.
1186
Calculate the remainder when 70674 is divided by 1210.
494
What is the remainder when 7059711 is divided by 617?
614
What is the remainder when 80989693 is divided by 1420?
1413
Calculate the remainder when 5178649 is divided by 5434.
47
What is the remainder when 377729 is divided by 125871?
116
What is the remainder when 1446210 is divided by 722708?
794
Calculate the remainder when 69610037 is divided by 23203345.
2
What is the remainder when 234796278 is divided by 179?
9
What is the remainder when 14641398 is divided by 19?
17
Calculate the remainder when 11446115 is divided by 11446079.
36
Calculate the remainder when 2358998 is divided by 1969.
136
What is the remainder when 347630 is divided by 173796?
38
What is the remainder when 395058 is divided by 5260?
558
Calculate the remainder when 439687 is divided by 11873.
386
Calculate the remainder when 1048760 is divided by 1048239.
521
Calculate the remainder when 12455004 is divided by 37857.
51
What is the remainder when 53847 is divided by 7489?
1424
What is the remainder when 44153 is divided by 8530?
1503
Calculate the remainder when 12451479 is divided by 3079.
3
Calculate the remainder when 26591519 is divided by 37243.
17
Calculate the remainder when 286280 is divided by 865.
830
Calculate the remainder when 341959 is divided by 138.
133
What is the remainder when 26429 is divided by 11037?
4355
Calculate the remainder when 30770054 is divided by 508.
494
What is the remainder when 45738 is divided by 217?
168
What is the remainder when 4108864 is divided by 100214?
90
Calculate the remainder when 7002 is divided by 108.
90
What is the remainder when 61008 is divided by 1844?
156
What is the remainder when 45403 is divided by 22686?
31
What is the remainder when 66367 is divided by 3291?
547
What is the remainder when 6458303 is divided by 13100?
3
Calculate the remainder when 51920 is divided by 2446.
554
What is the remainder when 132425 is divided by 5194?
2575
What is the remainder when 5091381 is divided by 295?
271
What is the remainder when 1255542 is divided by 156936?
54
What is the remainder when 10756077 is divided by 65?
7
Calculate the remainder when 97339980 is divided by 53.
21
What is the remainder when 84340 is divided by 6682?
4156
Calculate the remainder when 223549 is divided by 1121.
470
What is the remainder when 839092 is divided by 81?
13
Calculate the remainder when 82429925 is divided by 5686.
5669
Calculate the remainder when 42720886 is divided by 12.
10
Calculate the remainder when 3880473 is divided by 129344.
153
What is the remainder when 323598 is divided by 6382?
4498
What is the remainder when 164404 is divided by 6525?
1279
What is the remainder when 138915 is divided by 570?
405
Calculate the remainder when 765590 is divided by 80.
70
Calculate the remainder when 42781 is divided by 5448.
4645
What is the remainder when 346818 is divided by 299?
277
What is the remainder when 16000248 is divided by 1363?
1354
What is the remainder when 32251148 is divided by 41?
15
What is the remainder when 60866 is divided by 423?
377
Calculate the remainder when 84441 is divided by 3123.
120
Calculate the remainder when 11680722 is divided by 391.
379
What is the remainder when 165689 is divided by 40621?
3205
Calculate the remainder when 509368 is divided by 6951.
1945
What is the remainder when 28026575 is divided by 9342184?
23
What is the remainder when 46496682 is divided by 527?
526
Calculate the remainder when 247779 is divided by 6694.
101
Calculate the remainder when 8663 is divided by 1730.
13
Calculate the remainder when 354330 is divided by 888.
18
Calculate the remainder when 168890 is divided by 2484.
2462
What is the remainder when 453406 is divided by 226302?
802
Calculate the remainder when 132800476 is divided by 17.
12
Calculate the remainder when 32340 is divided by 16115.
110
Calculate the remainder when 40310 is divided by 13428.
26
What is the remainder when 270930282 is divided by 673?
672
Calculate the remainder when 6608073 is divided by 3304021.
31
Calculate the remainder when 13503170 is divided by 2311.
2308
What is the remainder when 7040569 is divided by 73339?
25
What is the remainder when 18146440 is divided by 4536559?
204
Calculate the remainder when 41379009 is divided by 9.
6
Calculate the remainder when 56941307 is divided by 4502.
11
Calculate the remainder when 235847 is divided by 233639.
2208
What is the remainder when 328683 is divided by 108899?
1986
What is the remainder when 249053 is divided by 10844?
10485
Calculate the remainder when 4473501 is divided by 639069.
18
What is the remainder when 39719361 is divided by 602?
3
Calculate the remainder when 445862 is divided by 337.
11
Calculate the remainder when 1101455 is divided by 3138.
17
Calculate the remainder when 1742117 is divided by 6700.
117
Calculate the remainder when 2099397 is divided by 129.
51
Calculate the remainder when 3877489 is divided by 121.
44
What is the remainder when 7863267 is divided by 52?
35
What is the remainder when 1262170 is divided by 5?
0
What is the remainder when 7683858 is divided by 7683717?
141
What is the remainder when 1154266 is divided by 42749?
43
Calculate the remainder when 360732 is divided by 4745.
112
What is the remainder when 4198848 is divided by 53?
29
Calculate the remainder when 104714541 is divided by 33.
30
Calculate the remainder when 316513 is divided by 14343.
967
What is the remainder when 3904710 is divided by 10037?
317
What is the remainder when 9007469 is divided by 843?
14
What is the remainder when 20339140 is divided by 98?
24
Calculate the remainder when 1354790 is divided by 1129.
1119
What is the remainder when 7569137 is divided by 25?
12
Calculate the remainder when 128873252 is divided by 19.
14
What is the remainder when 88909143 is divided by 535597?
41
Calculate the remainder when 5680524 is divided by 623.
10
Calculate the remainder when 9425215 is divided by 1216.
1215
What is the remainder when 14158 is divided by 246?
136
Calculate the remainder when 74983352 is divided by 383.
378
What is the remainder when 3063478 is divided by 69?
16
What is the remainder when 117763691 is divided by 1161?
1139
What is the remainder when 2484891 is divided by 2484846?
45
Calculate the remainder when 1062863 is divided by 1040.
1023
Calculate the remainder when 870918 is divided by 217675.
218
Calculate the remainder when 695016 is divided by 633.
615
Calculate the remainder when 4279710 is divided by 1036.
1030
What is the remainder when 30442959 is divided by 10857?
10788
What is the remainder when 7974880 is divided by 6245?
15
What is the remainder when 613632 is divided by 6069?
663
Calculate the remainder when 32677573 is divided by 1185.
13
What is the remainder when 2715873 is divided by 1049?
12
What is the remainder when 209621 is divided by 69526?
1043
What is the remainder when 10212978 is divided by 271?
72
What is the remainder when 25640051 is divided by 692974?
13
Calculate the remainder when 385489 is divided by 77068.
149
What is the remainder when 78691253 is divided by 6?
5
What is the remainder when 1694799 is divided by 56?
15
What is the remainder when 122875422 is divided by 1376?
1374
What is the remainder when 547404 is divided by 1080?
924
Calculate the remainder when 269275 is divided by 497.
398
What is the remainder when 16818764 is divided by 1847?
1829
Calculate the remainder when 233950 is divided by 77963.
61
Calculate the remainder when 19188984 is divided by 368.
360
What is the remainder when 16583 is divided by 7288?
2007
What is the remainder when 2020 is divided by 1937?
83
Calculate the remainder when 2894641 is divided by 15397.
5
Calculate the remainder when 3584379 is divided by 173.
165
What is the remainder when 222378 is divided by 1202?
8
Calculate the remainder when 216440 is divided by 245.
105
Calculate the remainder when 13855373 is divided by 4.
1
Calculate the remainder when 115995 is divided by 261.
111
What is the remainder when 1066266 is divided by 226?
224
Calculate the remainder whe